, 5, 191, 3187
List the prime factors of 4230264.
2, 3, 176261
List the prime factors of 17099318.
2, 1933, 4423
What are the prime factors of 14844?
2, 3, 1237
What are the prime factors of 7496554?
2, 13, 373, 773
List the prime factors of 333138.
2, 3, 13, 4271
List the prime factors of 187833.
3, 17, 29, 127
List the prime factors of 11010.
2, 3, 5, 367
List the prime factors of 72357.
3, 89, 271
What are the prime factors of 4933516?
2, 7, 25171
What are the prime factors of 5488363?
89, 61667
List the prime factors of 253307.
253307
List the prime factors of 94640.
2, 5, 7, 13
What are the prime factors of 343541?
11, 31231
What are the prime factors of 104557?
19, 5503
What are the prime factors of 6845842?
2, 409, 8369
List the prime factors of 5533.
11, 503
What are the prime factors of 3481012?
2, 870253
List the prime factors of 1164499.
7, 166357
List the prime factors of 5038625.
5, 173, 233
What are the prime factors of 4959382?
2, 2479691
List the prime factors of 576833.
613, 941
List the prime factors of 14391457.
59, 353, 691
List the prime factors of 8649.
3, 31
What are the prime factors of 205235?
5, 41047
What are the prime factors of 386141?
7, 55163
List the prime factors of 19295368.
2, 193, 12497
What are the prime factors of 306351?
3, 34039
What are the prime factors of 2326620?
2, 3, 5, 17, 2281
List the prime factors of 503773.
67, 73, 103
List the prime factors of 308834.
2, 154417
What are the prime factors of 5773019?
7, 631, 1307
List the prime factors of 34174.
2, 7, 2441
List the prime factors of 2526932.
2, 631733
List the prime factors of 19306.
2, 7, 197
List the prime factors of 3126463.
37, 84499
What are the prime factors of 596448?
2, 3, 19, 109
What are the prime factors of 14964244?
2, 71, 52691
What are the prime factors of 3970691?
3970691
What are the prime factors of 86920?
2, 5, 41, 53
List the prime factors of 622088.
2, 77761
What are the prime factors of 1971385?
5, 13, 2333
List the prime factors of 1778528.
2, 55579
List the prime factors of 52950.
2, 3, 5, 353
List the prime factors of 7482780.
2, 3, 5, 31, 149
What are the prime factors of 957703?
957703
What are the prime factors of 11522488?
2, 739, 1949
What are the prime factors of 2549248?
2, 13, 383
What are the prime factors of 8257130?
2, 5, 7, 117959
What are the prime factors of 3428429?
277, 12377
List the prime factors of 5328690.
2, 3, 5, 177623
List the prime factors of 24238840.
2, 5, 47, 12893
List the prime factors of 6634604.
2, 61, 27191
List the prime factors of 17991620.
2, 5, 37, 41, 593
List the prime factors of 4993922.
2, 19, 113, 1163
What are the prime factors of 25731754?
2, 1621, 7937
List the prime factors of 24487370.
2, 5, 2448737
What are the prime factors of 3893920?
2, 5, 24337
What are the prime factors of 1496391?
3, 13, 17, 37, 61
What are the prime factors of 6834901?
17, 402053
What are the prime factors of 85627?
85627
What are the prime factors of 293778?
2, 3, 19, 859
What are the prime factors of 89094?
2, 3, 31, 479
List the prime factors of 372404.
2, 157, 593
List the prime factors of 17714179.
7, 2530597
List the prime factors of 20403441.
3, 227, 3329
List the prime factors of 2135455.
5, 7, 17, 37, 97
List the prime factors of 54505.
5, 11, 991
List the prime factors of 2646108.
2, 3, 8167
What are the prime factors of 3701903?
17, 19, 73, 157
List the prime factors of 314104.
2, 7, 71, 79
List the prime factors of 2036000.
2, 5, 509
What are the prime factors of 597874?
2, 298937
What are the prime factors of 597768?
2, 3, 24907
What are the prime factors of 2371003?
2371003
List the prime factors of 2807949.
3, 31, 109, 277
What are the prime factors of 27141?
3, 83, 109
List the prime factors of 4562.
2, 2281
List the prime factors of 381096.
2, 3, 67, 79
What are the prime factors of 520378?
2, 260189
What are the prime factors of 340990?
2, 5, 13, 43, 61
What are the prime factors of 1920007?
19, 139, 727
List the prime factors of 188490.
2, 3, 5, 61, 103
What are the prime factors of 1123438?
2, 281, 1999
List the prime factors of 1803606.
2, 3, 7, 42943
What are the prime factors of 8685072?
2, 3, 11, 5483
List the prime factors of 14478341.
317, 45673
What are the prime factors of 156015?
3, 5, 3467
List the prime factors of 493709.
493709
List the prime factors of 9861218.
2, 29, 170021
What are the prime factors of 178782?
2, 3, 83, 359
What are the prime factors of 37032956?
2, 1873, 4943
List the prime factors of 1299272.
2, 13, 31
List the prime factors of 1466612.
2, 7, 52379
What are the prime factors of 1786679?
1786679
What are the prime factors of 4917097?
17, 289241
What are the prime factors of 115709?
11, 67, 157
List the prime factors of 457870.
2, 5, 7, 31, 211
What are the prime factors of 463002?
2, 3, 77167
What are the prime factors of 823726?
2, 19, 53, 409
What are the prime factors of 200380?
2, 5, 43, 233
What are the prime factors of 1805640?
2, 3, 5, 41, 367
What are the prime factors of 6626128?
2, 43, 9631
List the prime factors of 2059.
29, 71
List the prime factors of 189364.
2, 7, 6763
List the prime factors of 236590.
2, 5, 59, 401
What are the prime factors of 2011530?
2, 3, 5, 19, 3529
What are the prime factors of 6319028?
2, 211, 7487
What are the prime factors of 24803526?
2, 3, 11, 29, 12959
List the prime factors of 13422208.
2, 19, 5519
What are the prime factors of 2152648?
2, 53, 5077
What are the prime factors of 441367?
449, 983
List the prime factors of 3017313.
3, 13, 17, 37, 41
List the prime factors of 17640938.
2, 7, 1260067
List the prime factors of 515741.
515741
What are the prime factors of 631180?
2, 5, 11, 19, 151
What are the prime factors of 4187932?
2, 7, 23, 929
What are the prime factors of 39800?
2, 5, 199
List the prime factors of 1689781.
1689781
What are the prime factors of 2458833?
3, 13, 67, 941
List the prime factors of 361461.
3, 71, 1697
What are the prime factors of 150897?
3, 179, 281
List the prime factors of 26823075.
3, 5, 101, 3541
What are the prime factors of 7715572?
2, 659, 2927
List the prime factors of 14127593.
89, 181, 877
List the prime factors of 633943.
633943
List the prime factors of 927740.
2, 5, 11, 4217
List the prime factors of 1841865.
3, 5, 17, 31, 233
List the prime factors of 2264712.
2, 3, 197, 479
List the prime factors of 3362.
2, 41
List the prime factors of 622906.
2, 311453
List the prime factors of 3598880.
2, 5, 83, 271
What are the prime factors of 9360113?
7, 1337159
List the prime factors of 73764.
2, 3, 683
List the prime factors of 27794534.
2, 23, 107, 5647
List the prime factors of 1068601.
31, 34471
What are the prime factors of 1481858?
2, 7, 15121
What are the prime factors of 18676871?
18676871
What are the prime factors of 586436?
2, 146609
List the prime factors of 353034.
2, 3, 11, 1783
List the prime factors of 6467.
29, 223
What are the prime factors of 259783?
259783
List the prime factors of 2298228.
2, 3, 191519
List the prime factors of 3653752.
2, 59, 7741
What are the prime factors of 10118143?
7, 89, 109, 149
What are the prime factors of 15451493?
15451493
What are the prime factors of 7245295?
5, 167, 8677
List the prime factors of 266154.
2, 3, 7, 6337
List the prime factors of 160798.
2, 11, 7309
What are the prime factors of 842279?
842279
List the prime factors of 540585.
3, 5, 41, 293
List the prime factors of 248936.
2, 29, 37
List the prime factors of 222292.
2, 7, 17, 467
List the prime factors of 2864539.
2864539
List the prime factors of 240441.
3, 80147
List the prime factors of 28446.
2, 3, 11, 431
List the prime factors of 14319583.
14319583
List the prime factors of 337870.
2, 5, 13, 23, 113
What are the prime factors of 10965126?
2, 3, 797, 2293
What are the prime factors of 17245?
5, 3449
What are the prime factors of 10088843?
661, 15263
List the prime factors of 187811.
13, 14447
List the prime factors of 4578183.
3, 19, 41, 653
What are the prime factors of 646840?
2, 5, 103, 157
List the prime factors of 7673713.
7673713
List the prime factors of 5094774.
2, 3, 19, 14897
What are the prime factors of 6285315?
3, 5, 29, 14449
What are the prime factors of 7921928?
2, 7, 2887
List the prime factors of 8876639.
29, 306091
What are t